 191381219?
109, 797, 2203
List the prime factors of 300752718.
2, 3, 7, 47, 251, 607
List the prime factors of 104113310.
2, 5, 7, 67, 79, 281
What are the prime factors of 41793857?
7, 47, 127033
List the prime factors of 9125979.
3, 1283, 2371
List the prime factors of 5968996.
2, 11, 293, 463
What are the prime factors of 736161076?
2, 7, 26291467
List the prime factors of 23935460.
2, 5, 1196773
What are the prime factors of 1174317008?
2, 103, 712571
What are the prime factors of 42425616?
2, 3, 23, 83, 463
List the prime factors of 50517820.
2, 5, 1543, 1637
What are the prime factors of 1532068066?
2, 16333, 46901
What are the prime factors of 4620896595?
3, 5, 7, 41, 357793
List the prime factors of 377060022.
2, 3, 23, 101197
What are the prime factors of 28627504?
2, 1789219
List the prime factors of 125883420.
2, 3, 5, 13, 199, 811
What are the prime factors of 1996038807?
3, 7, 127, 617, 1213
What are the prime factors of 6724555493?
6724555493
What are the prime factors of 109563580?
2, 5, 7, 47, 16651
What are the prime factors of 34703063?
19, 1826477
List the prime factors of 94065871.
94065871
What are the prime factors of 457022880?
2, 3, 5, 23, 13799
List the prime factors of 198527268.
2, 3, 1511, 10949
List the prime factors of 113778643.
11, 773, 13381
What are the prime factors of 4490990704?
2, 67, 257, 16301
What are the prime factors of 257989173?
3, 13, 131, 50497
List the prime factors of 1019504292.
2, 3, 84958691
List the prime factors of 187983951.
3, 53, 1182289
List the prime factors of 165412589.
165412589
What are the prime factors of 3608427?
3, 101, 11909
List the prime factors of 325169715.
3, 5, 13, 1667537
What are the prime factors of 49446641?
2081, 23761
What are the prime factors of 702333362?
2, 41, 43, 139, 1433
What are the prime factors of 68255689?
521, 131009
List the prime factors of 611414741.
7, 17, 5137939
List the prime factors of 761269310.
2, 5, 149, 510919
What are the prime factors of 202041070?
2, 5, 7, 11, 262391
List the prime factors of 472922187.
3, 10331, 15259
List the prime factors of 8073422.
2, 7, 43, 13411
List the prime factors of 94726419.
3, 19, 227, 7321
What are the prime factors of 604532861?
19, 647, 49177
List the prime factors of 436848589.
19, 1039, 22129
What are the prime factors of 58525138?
2, 7, 4180367
What are the prime factors of 534073853?
17, 31416109
List the prime factors of 4268525407.
577, 719, 10289
List the prime factors of 1199690113.
4217, 284489
What are the prime factors of 1125601410?
2, 3, 5, 59, 229, 2777
What are the prime factors of 1496587463?
7, 14321, 14929
List the prime factors of 5144235066.
2, 3, 19, 89, 169007
List the prime factors of 20679582.
2, 3, 7, 11, 17, 2633
What are the prime factors of 45650062?
2, 22825031
List the prime factors of 136419423.
3, 7, 41, 158443
List the prime factors of 4041211523.
48539, 83257
What are the prime factors of 1264074314?
2, 22229, 28433
List the prime factors of 260909251.
17, 43, 241, 1481
What are the prime factors of 987519150?
2, 3, 5, 2194487
What are the prime factors of 72115562?
2, 36057781
List the prime factors of 601242806.
2, 9341, 32183
What are the prime factors of 2104174618?
2, 7, 13, 283, 40853
List the prime factors of 6567705082.
2, 47, 69869203
List the prime factors of 1384035451.
223, 6206437
List the prime factors of 88591077.
3, 1093717
List the prime factors of 80131570.
2, 5, 8013157
What are the prime factors of 66176719?
7, 9453817
List the prime factors of 199917484.
2, 13, 17, 53, 251
List the prime factors of 122970633.
3, 40990211
What are the prime factors of 348251353?
233, 1494641
List the prime factors of 6298818924.
2, 3, 524901577
List the prime factors of 2604915928.
2, 1753, 185747
What are the prime factors of 11477104?
2, 37, 19387
List the prime factors of 142547057.
17, 61, 101, 1361
What are the prime factors of 560081576?
2, 1249, 56053
List the prime factors of 1530961210.
2, 5, 37, 4137733
What are the prime factors of 2468212906?
2, 167, 1933, 3823
List the prime factors of 772057150.
2, 5, 233, 66271
List the prime factors of 24044192.
2, 53, 14177
What are the prime factors of 38928648?
2, 3, 11, 147457
List the prime factors of 3347371334.
2, 599, 1361, 2053
What are the prime factors of 143756928?
2, 3, 7, 17827
What are the prime factors of 762663947?
11317, 67391
List the prime factors of 2167140091.
223, 43579
List the prime factors of 123515275.
5, 13, 380047
List the prime factors of 371497326.
2, 3, 983, 62987
What are the prime factors of 19322189?
19322189
What are the prime factors of 26027630?
2, 5, 433, 6011
What are the prime factors of 32939823?
3, 7, 1568563
List the prime factors of 695758202.
2, 47, 103, 71861
What are the prime factors of 1109593702?
2, 7, 3967, 19979
What are the prime factors of 3087605?
5, 617521
What are the prime factors of 52765306?
2, 11, 2398423
List the prime factors of 1041576373.
1041576373
What are the prime factors of 402122585?
5, 107, 751631
What are the prime factors of 120626688?
2, 3, 7, 13, 863
List the prime factors of 1127446227.
3, 125271803
What are the prime factors of 7261799706?
2, 3, 7, 23, 41, 8731
List the prime factors of 90380250.
2, 3, 5, 40169
What are the prime factors of 8738193?
3, 29, 47, 2137
List the prime factors of 7413602.
2, 7, 101, 107
List the prime factors of 693993034.
2, 7, 257, 192883
What are the prime factors of 2143926223?
2143926223
List the prime factors of 585331534.
2, 29, 10091923
What are the prime factors of 34748271?
3, 151, 947
What are the prime factors of 80531512?
2, 10066439
List the prime factors of 17006990.
2, 5, 7, 11, 13, 1699
What are the prime factors of 239963240?
2, 5, 11, 545371
List the prime factors of 52791121.
821, 64301
List the prime factors of 47902509.
3, 107, 5527
List the prime factors of 6792935650.
2, 5, 17, 71, 112559
List the prime factors of 497141335.
5, 9091, 10937
List the prime factors of 242299009.
242299009
What are the prime factors of 780236978?
2, 43, 9072523
List the prime factors of 5848159.
5848159
List the prime factors of 49642552.
2, 6205319
List the prime factors of 7079994744.
2, 3, 294999781
What are the prime factors of 5238125801?
5238125801
List the prime factors of 137408607.
3, 7, 43, 50723
List the prime factors of 573790304.
2, 661, 27127
What are the prime factors of 5819807386?
2, 227, 12818959
List the prime factors of 145578860.
2, 5, 7, 223, 4663
What are the prime factors of 569074955?
5, 149, 763859
List the prime factors of 37444979.
11, 13, 401, 653
What are the prime factors of 997960735?
5, 71, 73, 97, 397
What are the prime factors of 1531367703?
3, 170151967
List the prime factors of 35833698.
2, 3, 663587
What are the prime factors of 1183721321?
1183721321
What are the prime factors of 98634691?
71, 1389221
What are the prime factors of 228538052?
2, 57134513
List the prime factors of 220354564.
2, 55088641
List the prime factors of 2081881586.
2, 277, 3757909
List the prime factors of 462053534.
2, 283, 673, 1213
What are the prime factors of 512101524?
2, 3, 11, 31, 367
What are the prime factors of 32658271?
32658271
What are the prime factors of 145371597?
3, 7, 6922457
What are the prime factors of 129126371?
11, 11738761
What are the prime factors of 303447684?
2, 3, 53, 167, 2857
List the prime factors of 61777394.
2, 7, 4412671
What are the prime factors of 120525372?
2, 3, 11, 304357
What are the prime factors of 117880945?
5, 7, 13, 41, 71, 89
What are the prime factors of 1004556945?
3, 5, 7, 17, 151, 3727
List the prime factors of 116127623.
116127623
List the prime factors of 96105364.
2, 24026341
What are the prime factors of 571452654?
2, 3, 17, 131, 42767
What are the prime factors of 196938082?
2, 11, 101, 263, 337
List the prime factors of 184559932.
2, 103, 447961
List the prime factors of 100708769.
7, 347, 5923
List the prime factors of 3464418724.
2, 13, 1423, 46819
What are the prime factors of 887421974?
2, 109, 233, 17471
List the prime factors of 361306500.
2, 3, 5, 79, 3049
What are the prime factors of 820423484?
2, 3917, 52363
List the prime factors of 1020320234.
2, 79, 167, 38669
List the prime factors of 392033482.
2, 23, 67, 131, 971
What a